{"id":88,"date":"2017-02-12T10:57:47","date_gmt":"2017-02-12T10:57:47","guid":{"rendered":"http:\/\/xn--nrdiagnosenerbrystkrft-o5b7b.dk\/?page_id=88"},"modified":"2017-02-12T11:08:51","modified_gmt":"2017-02-12T11:08:51","slug":"antioxidanter-efter-behandling-for-brystkraeft-forbedrer-overlevelsen","status":"publish","type":"page","link":"https:\/\/xn--nrdiagnosenerbrystkrft-o5b7b.dk\/index.php\/artikler\/antioxidanter-efter-behandling-for-brystkraeft-forbedrer-overlevelsen\/","title":{"rendered":"Antioxidanter efter behandling for brystkr\u00e6ft forbedrer overlevelsen"},"content":{"rendered":"<p><strong>\u00a0<\/strong><\/p>\n<p>En artikel publiceret 19. Maj 2013 i <em>Breast Cancer Research and Treatment <\/em>bekr\u00e6fter, at det ikke alene er sikkert at tage antioxidanter efter behandling for brystkr\u00e6ft, men ogs\u00e5 \u00f8ger overlevelsen af sygdommen.<\/p>\n<p>Forskere ved Harvard University analyserede data fra 12.019 brystkr\u00e6ft overlevere, som indgik i et af fire studier, som indg\u00e5r i the After Breast Cancer Pooling Project.<a href=\"http:\/\/n\u00e5rdiagnosenerbrystkr\u00e6ft.dk\/wp-admin\/post-new.php?post_type=page#_ftn1\" name=\"_ftnref1\">[1]<\/a> Analysen unders\u00f8gte brugen af kosttilskud i mindst 1 \u00e5r efter diagnosen. I opf\u00f8lgningsperioden var der 1.298 d\u00f8dsfald, hvoraf 65% skyldtes brystkr\u00e6ft.<img loading=\"lazy\" decoding=\"async\" class=\"alignnone size-medium wp-image-92\" src=\"http:\/\/xn--nrdiagnosenerbrystkrft-o5b7b.dk\/wp-content\/uploads\/2017\/02\/vitaminer6-300x300.jpg\" alt=\"\" width=\"300\" height=\"300\" srcset=\"https:\/\/xn--nrdiagnosenerbrystkrft-o5b7b.dk\/wp-content\/uploads\/2017\/02\/vitaminer6-300x300.jpg 300w, https:\/\/xn--nrdiagnosenerbrystkrft-o5b7b.dk\/wp-content\/uploads\/2017\/02\/vitaminer6-150x150.jpg 150w, https:\/\/xn--nrdiagnosenerbrystkrft-o5b7b.dk\/wp-content\/uploads\/2017\/02\/vitaminer6.jpg 400w\" sizes=\"auto, (max-width: 300px) 100vw, 300px\" \/><\/p>\n<p>60% af kvinderne rapporterede, at de tog kosttilskud 1-5 \u00e5r efter diagnosen.<\/p>\n<p>Brugen af antioxidanter, som i dette studie var kategoriseret som tilskud med C- og E-vitamin eller et multivitamin havde sammenh\u00e6ng med 16% lavere risiko for at d\u00f8 af en hvilken som helst \u00e5rsag i opf\u00f8lgningsperioden. For de, der tog alle 3 tilskud var risikoen 21% lavere.<\/p>\n<p>Tilskud med C-vitamin havde sammenh\u00e6ng med 19% lavere risiko for at d\u00f8 og en 10% reduktion i risikoen for tilbagefald af sygdommen.<\/p>\n<p>For E-vitamins vedkommendevar risikoen for at d\u00f8 af enhver \u00e5rsag reduceret med 15% og risikoen for tilbagefald var 12% lavere. Disse sammenh\u00e6nge var mindre efter justering for brug af andre antioxidanter.<\/p>\n<p>Risikoen for tilbagefald var hele 36% lavere ved brug af D-vitamin for kvinder med \u00f8strogen-f\u00f8lsom brystkr\u00e6ft.<a href=\"http:\/\/n\u00e5rdiagnosenerbrystkr\u00e6ft.dk\/wp-admin\/post-new.php?post_type=page#_ftn2\" name=\"_ftnref2\">[2]<\/a><\/p>\n<p>Andre studier har vist, at antioxidanter\u00a0sammen med konventionel kr\u00e6ftbehandling for\u00f8ger behandlingernes effekt og mindsker bivirkningerne.<a href=\"http:\/\/n\u00e5rdiagnosenerbrystkr\u00e6ft.dk\/wp-admin\/post-new.php?post_type=page#_ftn3\" name=\"_ftnref3\">[3]<\/a><\/p>\n<p>&nbsp;<\/p>\n<p>&nbsp;<\/p>\n<p><a href=\"http:\/\/n\u00e5rdiagnosenerbrystkr\u00e6ft.dk\/wp-admin\/post-new.php?post_type=page#_ftnref1\" name=\"_ftn1\">[1]<\/a> The After Breast Cancer Pooling Project blev etableret for at unders\u00f8ge betydningen af fysisk aktivitet, overv\u00e6gt, kostfaktorer, brugen af tilskud og livskvalitet for brystkr\u00e6ft prognosen. Se n\u00e6rmere her: <a href=\"http:\/\/www.ncbi.nlm.nih.gov\/pubmed?term=Nechuta%20SJ%5BAuthor%5D&amp;cauthor=true&amp;cauthor_uid=21710192\">Nechuta SJ<\/a> et al.: The After Breast Cancer Pooling Project: rationale, methodology, and breast cancer survivor characteristics. <a href=\"http:\/\/www.ncbi.nlm.nih.gov\/pubmed\/21710192\">Cancer Causes Control.<\/a> 2011 Sep;22(9):1319-31. doi: 10.1007\/s10552-011-9805-9. Epub 2011 Jun 28.<a href=\"http:\/\/www.ncbi.nlm.nih.gov\/pubmed\/21710192\">http:\/\/www.ncbi.nlm.nih.gov\/pubmed\/21710192<\/a><br \/>\n<a href=\"http:\/\/n\u00e5rdiagnosenerbrystkr\u00e6ft.dk\/wp-admin\/post-new.php?post_type=page#_ftnref2\" name=\"_ftn2\">[2]<\/a> <a href=\"http:\/\/www.lef.org\/\">http:\/\/www.lef.org<\/a> 2013<br \/>\n<a href=\"http:\/\/n\u00e5rdiagnosenerbrystkr\u00e6ft.dk\/wp-admin\/post-new.php?post_type=page#_ftnref3\" name=\"_ftn3\">[3]<\/a> <a href=\"http:\/\/www.drsimone.com\/SimoneVitWithChemo.pdf\">http:\/\/www.drsimone.com\/SimoneVitWithChemo.pdf<\/a><\/p>\n<p>&nbsp;<\/p>\n","protected":false},"excerpt":{"rendered":"<p>\u00a0 En artikel publiceret 19. Maj 2013 i Breast Cancer Research and Treatment bekr\u00e6fter, at det ikke alene er sikkert at tage antioxidanter efter behandling for brystkr\u00e6ft, men ogs\u00e5 \u00f8ger overlevelsen af sygdommen. Forskere ved Harvard University analyserede data fra &hellip; <a href=\"https:\/\/xn--nrdiagnosenerbrystkrft-o5b7b.dk\/index.php\/artikler\/antioxidanter-efter-behandling-for-brystkraeft-forbedrer-overlevelsen\/\">L\u00e6s resten <span class=\"meta-nav\">&rarr;<\/span><\/a><\/p>\n","protected":false},"author":1,"featured_media":0,"parent":59,"menu_order":0,"comment_status":"closed","ping_status":"closed","template":"","meta":{"footnotes":""},"class_list":["post-88","page","type-page","status-publish","hentry"],"_links":{"self":[{"href":"https:\/\/xn--nrdiagnosenerbrystkrft-o5b7b.dk\/index.php\/wp-json\/wp\/v2\/pages\/88","targetHints":{"allow":["GET"]}}],"collection":[{"href":"https:\/\/xn--nrdiagnosenerbrystkrft-o5b7b.dk\/index.php\/wp-json\/wp\/v2\/pages"}],"about":[{"href":"https:\/\/xn--nrdiagnosenerbrystkrft-o5b7b.dk\/index.php\/wp-json\/wp\/v2\/types\/page"}],"author":[{"embeddable":true,"href":"https:\/\/xn--nrdiagnosenerbrystkrft-o5b7b.dk\/index.php\/wp-json\/wp\/v2\/users\/1"}],"replies":[{"embeddable":true,"href":"https:\/\/xn--nrdiagnosenerbrystkrft-o5b7b.dk\/index.php\/wp-json\/wp\/v2\/comments?post=88"}],"version-history":[{"count":3,"href":"https:\/\/xn--nrdiagnosenerbrystkrft-o5b7b.dk\/index.php\/wp-json\/wp\/v2\/pages\/88\/revisions"}],"predecessor-version":[{"id":91,"href":"https:\/\/xn--nrdiagnosenerbrystkrft-o5b7b.dk\/index.php\/wp-json\/wp\/v2\/pages\/88\/revisions\/91"}],"up":[{"embeddable":true,"href":"https:\/\/xn--nrdiagnosenerbrystkrft-o5b7b.dk\/index.php\/wp-json\/wp\/v2\/pages\/59"}],"wp:attachment":[{"href":"https:\/\/xn--nrdiagnosenerbrystkrft-o5b7b.dk\/index.php\/wp-json\/wp\/v2\/media?parent=88"}],"curies":[{"name":"wp","href":"https:\/\/api.w.org\/{rel}","templated":true}]}}